4473935?
3
What is the hundred thousands digit of 88596045?
5
What is the tens digit of 1425499418?
1
What is the units digit of 109507930?
0
What is the thousands digit of 2226747?
6
What is the tens digit of 609083762?
6
What is the ten thousands digit of 5740427976?
2
What is the tens digit of 5160643010?
1
What is the ten millions digit of 5175638243?
7
What is the millions digit of 9823300?
9
What is the millions digit of 15160170?
5
What is the tens digit of 146437028?
2
What is the hundreds digit of 37326235?
2
What is the hundred thousands digit of 441603718?
6
What is the tens digit of 166686651?
5
What is the hundreds digit of 94130832?
8
What is the hundreds digit of 12529747?
7
What is the hundreds digit of 944352735?
7
What is the thousands digit of 5884260426?
0
What is the hundred thousands digit of 708930730?
9
What is the millions digit of 258041023?
8
What is the thousands digit of 168079955?
9
What is the hundreds digit of 4854422980?
9
What is the millions digit of 260168354?
0
What is the hundred millions digit of 151885778?
1
What is the hundreds digit of 188112134?
1
What is the ten thousands digit of 313925717?
2
What is the ten millions digit of 423231715?
2
What is the tens digit of 125844610?
1
What is the thousands digit of 94722550?
2
What is the tens digit of 1479141811?
1
What is the ten millions digit of 76887657?
7
What is the millions digit of 320147137?
0
What is the units digit of 649011584?
4
What is the millions digit of 367260334?
7
What is the hundred millions digit of 450386221?
4
What is the thousands digit of 32397266?
7
What is the tens digit of 35712112?
1
What is the ten millions digit of 48008065?
4
What is the hundred millions digit of 2863514679?
8
What is the hundred thousands digit of 232655618?
6
What is the billions digit of 8891240098?
8
What is the ten thousands digit of 14042072?
4
What is the thousands digit of 65980253?
0
What is the hundred thousands digit of 356490812?
4
What is the thousands digit of 87175039?
5
What is the units digit of 24090399?
9
What is the units digit of 20211037?
7
What is the millions digit of 35607862?
5
What is the tens digit of 15193604?
0
What is the thousands digit of 21894617?
4
What is the thousands digit of 103470279?
0
What is the hundreds digit of 57151258?
2
What is the ten millions digit of 934025995?
3
What is the ten millions digit of 656183397?
5
What is the ten millions digit of 2062923342?
6
What is the hundreds digit of 36015619?
6
What is the ten millions digit of 1412216156?
1
What is the units digit of 37823763?
3
What is the units digit of 2047091591?
1
What is the ten millions digit of 393142876?
9
What is the units digit of 36169030?
0
What is the hundreds digit of 8488560?
5
What is the ten millions digit of 16805119?
1
What is the hundred thousands digit of 93260119?
2
What is the units digit of 33610289?
9
What is the hundred thousands digit of 493409709?
4
What is the hundreds digit of 739389770?
7
What is the billions digit of 5334430113?
5
What is the billions digit of 1064214281?
1
What is the thousands digit of 770107871?
7
What is the thousands digit of 289459495?
9
What is the thousands digit of 1458305328?
5
What is the billions digit of 2854092991?
2
What is the ten millions digit of 115263617?
1
What is the millions digit of 227616799?
7
What is the thousands digit of 1503107941?
7
What is the ten thousands digit of 2932119104?
1
What is the millions digit of 40696046?
0
What is the millions digit of 282686572?
2
What is the hundred thousands digit of 61839934?
8
What is the millions digit of 3948167454?
8
What is the units digit of 398828180?
0
What is the hundreds digit of 7349391?
3
What is the units digit of 140038805?
5
What is the ten millions digit of 65403773?
6
What is the thousands digit of 3251837251?
7
What is the hundreds digit of 4747734124?
1
What is the hundreds digit of 85134650?
6
What is the tens digit of 184931954?
5
What is the hundred millions digit of 265783779?
2
What is the hundreds digit of 3714524702?
7
What is the ten thousands digit of 6511712070?
1
What is the tens digit of 270956976?
7
What is the hundred millions digit of 4017174717?
0
What is the tens digit of 54646243?
4
What is the hundreds digit of 1370828?
8
What is the units digit of 555560832?
2
What is the millions digit of 1467592318?
7
What is the ten millions digit of 297719913?
9
What is the millions digit of 92045662?
2
What is the hundreds digit of 35163308?
3
What is the hundreds digit of 786034592?
5
What is the ten millions digit of 100814959?
0
What is the ten millions digit of 30445755?
3
What is the tens digit of 1393604?
0
What is the units digit of 3706808030?
0
What is the millions digit of 1621990799?
1
What is the billions digit of 1230517693?
1
What is the hundred millions digit of 126957331?
1
What is the units digit of 79290872?
2
What is the thousands digit of 60907179?
7
What is the tens digit of 391419660?
6
What is the tens digit of 60142199?
9
What is the hundred thousands digit of 665590124?
5
What is the tens digit of 14478765?
6
What is the ten millions digit of 45294058?
4
What is the tens digit of 48382477?
7
What is the hundred thousands digit of 1089450254?
4
What is the thousands digit of 242782179?
2
What is the ten millions digit of 941125300?
4
What is the hundred millions digit of 144631358?
1
What is the millions digit of 8451696?
8
What is the ten thousands digit of 269748651?
4
What is the units digit of 144028399?
9
What is the hundreds digit of 180377193?
1
What is the tens digit of 8014507701?
0
What is the thousands digit of 1315724978?
4
What is the hundred thousands digit of 6131161032?
1
What is the ten millions digit of 2075242871?
7
What is the hundreds digit of 384617415?
4
What is the tens digit of 220404586?
8
What is the hundred thousands digit of 69840703?
8
What is the millions digit of 1744199748?
4
What is the hundreds digit of 39449091?
0
What is the ten thousands digit of 2866055719?
5
What is the hundreds digit of 3161152871?
8
What is the millions digit of 2750944248?
0
What is the units digit of 2570710003?
3
What is the ten millions digit of 1066946603?
6
What is the hundreds digit of 139993871?
8
What is the tens digit of 46676410?
1
What is the hundred millions digit of 5682580893?
6
What is the units digit of 1358088880?
0
What is the units digit of 985415956?
6
What is the ten thousands digit of 1146782057?
8
What is the ten millions digit of 403290846?
0
What is the tens digit of 90164321?
2
What is the thousands digit of 58086091?
6
What is the hundreds digit of 122220432?
4
What is the thousands digit of 1697453794?
3
What is the hundred millions digit of 3514991379?
5
What is the hundred millions digit of 1232730476?
2
What is the tens digit of 160754357?
5
What is the tens digit of 1856774155?
5
What is the hundreds digit of 971185534?
5
What is the hundred millions digit of 1664813619?
6
What is the ten thousands digit of 5854714134?
1
What is the ten millions digit of 359910779?
5
What is the hundred millions digit of 224473103?
2
What is the units digit of 1232573479?
9
What is the hundreds digit of 90533178?
1
What is the tens digit of 7379136?
3
What is the tens digit of 108176470?
7
What is the units digit of 340907422?
2
What is the hundred thousands digit of 147539960?
5
What is the units digit of 1166440363?
3
What is the tens digit of 441631442?
4
What is the ten millions digit of 278783165?
7
What is the ten thousands digit of 124278437?
7
What is the units digit of 1069625435?
5
What is the hundred millions digit of 3154752625?
1
What is the ten millions digit of 2117763389?
1
What is the ten millions digit of 148963633?
4
What is the ten thousands digit of 53648408?
4
What is the millions digit of 155071583?
5
What is the hundreds digit of 816544635?
6
What is the hundreds digit of 75053042?
0
What is the millions digit of 796464438?
6
What is the units digit of 786314929?
9
What is the hundreds digit of 57348465?
4
What is the hundreds digit of 193760940?
9
What is the hundred thousands digit of 763460798?
4
What is the ten thousands digit of 449980125?
8
What is the ten thousands digit of 766256466?
5
What is the ten thousands digit of 2346548